{"id":82,"date":"2025-07-05T22:30:13","date_gmt":"2025-07-05T17:30:13","guid":{"rendered":"https:\/\/recsus.association.usherbrooke.ca\/?page_id=82"},"modified":"2025-11-23T00:09:18","modified_gmt":"2025-11-22T19:09:18","slug":"local-du-recsus","status":"publish","type":"page","link":"https:\/\/recsus.association.usherbrooke.ca\/?page_id=82","title":{"rendered":"Local du RECSUS"},"content":{"rendered":"\n<p>Le local du RECSUS est situ\u00e9 au D7-0010, sous la caf\u00e9t\u00e9ria du pavillon Marie-Victorin.<\/p>\n\n\n\n<p>Voici les services pr\u00e9sentement offerts : <\/p>\n\n\n\n<ul class=\"wp-block-list\">\n<li>Espace de d\u00eener avec micro-ondes et mini-frigo;<\/li>\n\n\n\n<li>Breuvage chaud; <\/li>\n\n\n\n<li>Espace de d\u00e9tente;<\/li>\n\n\n\n<li>Service d&rsquo;impression laser noir et blanc \u00e0 faible co\u00fbt;<\/li>\n\n\n\n<li>Service de num\u00e9risation;<\/li>\n\n\n\n<li>T\u00e9l\u00e9vision avec syst\u00e8me cin\u00e9ma maison et lecture DVD (T\u00e9l\u00e9vision via Internet seulement);<\/li>\n\n\n\n<li>Jeux de soci\u00e9t\u00e9 (Carcassonne, Zack &amp; Pack, Mr. Jack Pocket, No Thanks!, Black Stories, jeu d&rsquo;\u00e9checs, paquets de cartes, &#8230;).<\/li>\n<\/ul>\n\n\n\n<div style=\"height:30px\" aria-hidden=\"true\" class=\"wp-block-spacer\"><\/div>\n\n\n\n<p class=\"is-style-text-subtitle has-x-large-font-size is-style-text-subtitle--1\"><strong>Horaire du local<\/strong><\/p>\n\n\n\n<p>Nos attach\u00e9(e)s sont pr\u00e9sents au local de 9h \u00e0 15h, du lundi au vendredi.<\/p>\n\n\n\n<div style=\"height:30px\" aria-hidden=\"true\" class=\"wp-block-spacer\"><\/div>\n\n\n\n<p class=\"is-style-text-subtitle has-x-large-font-size is-style-text-subtitle--2\"><strong>Machine \u00e0 caf\u00e9<\/strong><\/p>\n\n\n\n<p>Breuvages disponibles :<\/p>\n\n\n\n<div class=\"wp-block-columns is-not-stacked-on-mobile is-layout-flex wp-container-core-columns-is-layout-28f84493 wp-block-columns-is-layout-flex\">\n<div class=\"wp-block-column is-layout-flow wp-block-column-is-layout-flow\">\n<ul class=\"wp-block-list\">\n<li>Caf\u00e9 r\u00e9gulier<\/li>\n\n\n\n<li>Caf\u00e9 latt\u00e9<\/li>\n\n\n\n<li>Cappuccino<\/li>\n\n\n\n<li style=\"border-style:none;border-width:0px;border-radius:0px;padding-bottom:0\">Expresso<\/li>\n<\/ul>\n<\/div>\n\n\n\n<div class=\"wp-block-column is-layout-flow wp-block-column-is-layout-flow\">\n<ul class=\"wp-block-list\">\n<li>Chocolat chaud<\/li>\n\n\n\n<li>Mokaccino<\/li>\n\n\n\n<li>Vanille fran\u00e7aise<\/li>\n\n\n\n<li>Et bien plus!<\/li>\n<\/ul>\n<\/div>\n<\/div>\n\n\n\n<p>Notez que, dans une perspective environnementale, nous ne fournissons pas de verres et vous devez apporter votre propre tasse.<\/p>\n\n\n\n<div style=\"height:30px\" aria-hidden=\"true\" class=\"wp-block-spacer\"><\/div>\n\n\n\n<p class=\"is-style-text-subtitle has-x-large-font-size is-style-text-subtitle--3\"><strong>Th\u00e9 \u00e0 contribution volontaire<\/strong><\/p>\n\n\n\n<p>Le RECSUS met \u00e0 votre disposition plusieurs sortes de th\u00e9 qui sont sujettes \u00e0 changement. Une contribution volontaire vous est sugg\u00e9r\u00e9e. Th\u00e9 vert, rouge, blanc, venez voir les vari\u00e9t\u00e9s \u00e0 votre disposition au local de l&rsquo;association.<\/p>\n\n\n\n<p>Prenez note que l&rsquo;approvisionnement en th\u00e9 se fait selon les sortes les plus demand\u00e9es et consomm\u00e9es.<\/p>\n\n\n\n<div style=\"height:30px\" aria-hidden=\"true\" class=\"wp-block-spacer\"><\/div>\n\n\n\n<figure class=\"wp-block-image size-large\"><img loading=\"lazy\" decoding=\"async\" width=\"1024\" height=\"384\" src=\"https:\/\/recsus.association.usherbrooke.ca\/wp-content\/uploads\/2025\/09\/Cafe-1024x384.jpg\" alt=\"\" class=\"wp-image-152\" srcset=\"https:\/\/recsus.association.usherbrooke.ca\/wp-content\/uploads\/2025\/09\/Cafe-1024x384.jpg 1024w, https:\/\/recsus.association.usherbrooke.ca\/wp-content\/uploads\/2025\/09\/Cafe-300x113.jpg 300w, https:\/\/recsus.association.usherbrooke.ca\/wp-content\/uploads\/2025\/09\/Cafe-768x288.jpg 768w, https:\/\/recsus.association.usherbrooke.ca\/wp-content\/uploads\/2025\/09\/Cafe-1536x576.jpg 1536w, https:\/\/recsus.association.usherbrooke.ca\/wp-content\/uploads\/2025\/09\/Cafe.jpg 1600w\" sizes=\"auto, (max-width: 1024px) 100vw, 1024px\" \/><\/figure>\n\n\n\n<div style=\"height:30px\" aria-hidden=\"true\" class=\"wp-block-spacer\"><\/div>\n\n\n\n<p class=\"is-style-text-subtitle has-x-large-font-size is-style-text-subtitle--4\"><strong>R\u00e9servation du local<\/strong><\/p>\n\n\n\n<p>Vous pouvez aussi r\u00e9server le local pour vos activit\u00e9s. Pour ce faire, veuillez remplir\u00a0<a href=\"https:\/\/forms.cloud.microsoft\/r\/RjhayTHKiB\" target=\"_blank\" rel=\"noreferrer noopener\">ce formulaire<\/a>\u00a0au moins 48 heures \u00e0 l&rsquo;avance (jours ouvrables). Une confirmation vous sera envoy\u00e9e par courriel dans les 24 heures suivantes avec les modalit\u00e9s de la r\u00e9servation.<\/p>\n\n\n\n<p>Avant de r\u00e9server, v\u00e9rifiez si le local est disponible en consultant l&rsquo;horaire du local. Un d\u00e9p\u00f4t de 20 $ sera exig\u00e9 pour la location et sera rembours\u00e9 au retour de la cl\u00e9 du local.<\/p>\n\n\n\n<div class=\"wp-block-buttons is-content-justification-center is-layout-flex wp-container-core-buttons-is-layout-a89b3969 wp-block-buttons-is-layout-flex\">\n<div class=\"wp-block-button\"><a class=\"wp-block-button__link wp-element-button\" href=\"https:\/\/forms.cloud.microsoft\/r\/RjhayTHKiB\" target=\"_blank\" rel=\"noreferrer noopener\">R\u00e9server le local<\/a><\/div>\n<\/div>\n\n\n\n<div style=\"height:30px\" aria-hidden=\"true\" class=\"wp-block-spacer\"><\/div>\n\n\n\n<p class=\"is-style-text-subtitle has-x-large-font-size is-style-text-subtitle--5\"><strong>Support logistique<\/strong><\/p>\n\n\n\n<p>Besoin d&rsquo;informations pour r\u00e9aliser une activit\u00e9? (Locations, permis, autorisations, etc.)<\/p>\n\n\n\n<p>L&rsquo;attach\u00e9 du RECSUS peut vous aider \u00e0 trouver les ressources n\u00e9cessaires pour la r\u00e9aliser!<\/p>\n\n\n\n<p>Vous n&rsquo;avez qu&rsquo;\u00e0 passer au local, D7-0010 ou envoyer un courriel \u00e0 <a href=\"mailto:attache.recsus@usherbrooke.ca\">attache.recsus@usherbrooke.ca<\/a>.<\/p>\n\n\n\n<p><\/p>\n","protected":false},"excerpt":{"rendered":"<p>Le local du RECSUS est situ\u00e9 au D7-0010, sous la caf\u00e9t\u00e9ria du pavillon Marie-Victorin. Voici les services pr\u00e9sentement offerts : Horaire du local Nos attach\u00e9(e)s sont pr\u00e9sents au local de 9h \u00e0 15h, du lundi au vendredi. Machine \u00e0 caf\u00e9 Breuvages disponibles : Notez que, dans une perspective environnementale, nous ne fournissons pas de verres [&hellip;]<\/p>\n","protected":false},"author":1,"featured_media":0,"parent":0,"menu_order":0,"comment_status":"closed","ping_status":"closed","template":"","meta":{"footnotes":""},"class_list":["post-82","page","type-page","status-publish","hentry"],"_links":{"self":[{"href":"https:\/\/recsus.association.usherbrooke.ca\/index.php?rest_route=\/wp\/v2\/pages\/82","targetHints":{"allow":["GET"]}}],"collection":[{"href":"https:\/\/recsus.association.usherbrooke.ca\/index.php?rest_route=\/wp\/v2\/pages"}],"about":[{"href":"https:\/\/recsus.association.usherbrooke.ca\/index.php?rest_route=\/wp\/v2\/types\/page"}],"author":[{"embeddable":true,"href":"https:\/\/recsus.association.usherbrooke.ca\/index.php?rest_route=\/wp\/v2\/users\/1"}],"replies":[{"embeddable":true,"href":"https:\/\/recsus.association.usherbrooke.ca\/index.php?rest_route=%2Fwp%2Fv2%2Fcomments&post=82"}],"version-history":[{"count":7,"href":"https:\/\/recsus.association.usherbrooke.ca\/index.php?rest_route=\/wp\/v2\/pages\/82\/revisions"}],"predecessor-version":[{"id":163,"href":"https:\/\/recsus.association.usherbrooke.ca\/index.php?rest_route=\/wp\/v2\/pages\/82\/revisions\/163"}],"wp:attachment":[{"href":"https:\/\/recsus.association.usherbrooke.ca\/index.php?rest_route=%2Fwp%2Fv2%2Fmedia&parent=82"}],"curies":[{"name":"wp","href":"https:\/\/api.w.org\/{rel}","templated":true}]}}